
-17
Let p(b) = 8*b - 66. Give p(8).
-2
Let c(b) = 15*b**2 + 1514*b + 1513. What is c(-1)?
14
Let w(q) = q**3 - 6*q**2 + 20*q - 76. Determine w(6).
44
Let j(h) = -h**3 - 22*h**2 - 67*h - 969. Calculate j(-21).
-3
Let x(g) = -26*g**2 - 205*g - 166. Give x(-7).
-5
Let g(n) = 149*n + 1641. Determine g(-11).
2
Let b(k) = -4*k**3 + 125*k**2 - 29*k - 76. What is b(31)?
-14
Let r(m) = -m**2 + 6*m - 3. What is r(-16)?
-355
Let o(n) = -144*n + 10. What is o(3)?
-422
Let d(g) = g**2 - 30*g + 49. Calculate d(20).
-151
Let b(y) = -582*y + 7520. What is b(13)?
-46
Let m(d) = 3*d**3 + d**2 - 3*d + 5. Determine m(1).
6
Let n(l) = -l**3 - 7*l**2 - 318*l - 2229. What is n(-7)?
-3
Let z(d) = -d**3 - 52*d**2 - 53*d - 112. Calculate z(-51).
-10
Let c(y) = -y**3 - 4*y**2 + 105*y + 214. Determine c(-2).
-4
Let c(n) = -488*n - 1. Determine c(0).
-1
Let i(o) = 84*o**3 + 4*o**2 - 65*o + 60. What is i(1)?
83
Let t(d) = -d**2 + 51*d - 580. Calculate t(21).
50
Let l(a) = -94*a + 7877. Determine l(84).
-19
Let m(j) = j**3 + 8*j**2 - 78*j - 383. Calculate m(-4).
-7
Let x(b) = -6*b**3 + 36*b**2 - 5*b + 36. Calculate x(6).
6
Let f(r) = 10*r**3 + 229*r**2 - 27*r - 101. Calculate f(-23).
-9
Let h(z) = -z**3 - 43*z + 8. What is h(0)?
8
Let r(z) = -1510*z - 314079. Give r(-208).
1
Let o(q) = -3*q**2 - 23*q - 42. Determine o(-2).
-8
Let p(h) = 16*h + 62. What is p(13)?
270
Let f(i) = 66*i - 13200. What is f(200)?
0
Let d(f) = 33*f**2 - 4785*f - 48. Give d(145).
-48
Let n(z) = z**3 - 28*z**2 + 161*z + 15. What is n(9)?
-75
Let v(j) = -2*j**2 + 921*j + 20236. What is v(-21)?
13
Let v(r) = -2*r**2 + 19*r - 146. Calculate v(5).
-101
Let m(k) = 2*k**2 + 67*k + 100. Calculate m(-30).
-110
Let q(y) = y**2 + 118*y - 1276. What is q(10)?
4
Let q(t) = -10*t**3 - 3*t**2 - 2*t + 1. Calculate q(2).
-95
Let v(p) = 2*p**2 - 10*p + 29. Determine v(11).
161
Let b(x) = -x**3 + 10*x**2 - 3*x + 20. Calculate b(6).
146
Let b(j) = 390*j**2 - 3*j - 1. Determine b(1).
386
Let i(c) = -81*c - 214. Give i(7).
-781
Let w(k) = k**3 - 29*k**2 - 65*k + 13. Calculate w(31).
-80
Let n(j) = -643*j + 202. What is n(1)?
-441
Let u(d) = -24*d - 353. Calculate u(-14).
-17
Let o(q) = 62*q + 7829. Give o(-127).
-45
Let i(x) = 57*x + 517. What is i(-9)?
4
Let w(x) = 18*x**2 + 11*x + 21. Determine w(-3).
150
Let a(x) = -2*x**3 - 2*x**2 - 2*x - 206. Calculate a(0).
-206
Let z(h) = 3*h**2 + 4*h - 126. Calculate z(-7).
-7
Let j(b) = -b**2 + 109*b - 799. Calculate j(8).
9
Let k(y) = 882*y + 6192. Calculate k(-7).
18
Let p(o) = -77*o - 331. Determine p(-6).
131
Let v(u) = 16*u**2 - 14*u + 9. Determine v(1).
11
Let i(b) = -14*b**2 - 46*b - 143. What is i(-3)?
-131
Let q(b) = 9*b**3 - 24*b**2 - 6*b + 9. What is q(2)?
-27
Let r(k) = 32*k - 1559. Give r(49).
9
Let p(q) = -12*q**2 + q - 140. Give p(0).
-140
Let n(w) = -3105*w - 12480. Determine n(-4).
-60
Let q(p) = -3*p + 264. Calculate q(70).
54
Let j(f) = 557*f - 121. Calculate j(2).
993
Let q(o) = -31*o - 1299. Calculate q(-41).
-28
Let a(z) = -z**3 + 3*z**2 + 29*z - 118. Calculate a(5).
-23
Let j(v) = v**3 + 4*v**2 + 4*v + 9. Determine j(3).
84
Let l(g) = 3*g**2 + 354*g + 20. Determine l(-118).
20
Let n(v) = 74*v - 311. Calculate n(5).
59
Let n(l) = -l**2 - 13*l - 35. Give n(-11).
-13
Let b(c) = c**2 + 17*c - 1. Give b(-12).
-61
Let o(t) = 14*t - 39. Determine o(5).
31
Let z(d) = 27*d**2 + 83*d + 261. Give z(-3).
255
Let o(f) = f**3 - f**2 + 9*f - 19. Calculate o(5).
126
Let l(q) = -552*q - 29251. What is l(-53)?
5
Let w(i) = -i**3 - 8*i**2 - 18*i + 10. Give w(-6).
46
Let r(m) = -3*m**3 - 17*m**2 + 108*m + 463. What is r(-4)?
-49
Let x(m) = -m**2 - 37*m + 1302. Determine x(-59).
4
Let y(j) = -2*j**3 + 41*j**2 - 182*j - 48. Calculate y(7).
1
Let p(x) = x**3 - 31*x**2 + 50*x + 235. Calculate p(29).
3
Let m(h) = h**2 + 27*h + 18. What is m(-29)?
76
Let r(d) = 1752*d. Give r(0).
0
Let d(f) = 4*f**3 + 14*f**2 + 241*f + 706. What is d(-3)?
1
Let a(o) = -100*o**2 + 591*o + 58. Give a(6).
4
Let d(y) = y**2 - 3*y - 3220. Give d(58).
-30
Let m(r) = -383*r - 2416. Calculate m(-7).
265
Let u(z) = -233*z + 3282. What is u(14)?
20
Let n(j) = -36*j - 2103. Give n(-63).
165
Let f(l) = 5*l**3 - 159*l**2 + 647*l + 5. What is f(27)?
-22
Let s(p) = -p**3 + 23*p**2 + 21*p - 284. Calculate s(23).
199
Let p(g) = -7*g**3 + 26*g**2 + 11*g + 4. Give p(4).
16
Let a(o) = -106*o**2 - 8*o + 9. What is a(1)?
-105
Let z(i) = 2*i**3 - 90*i**2 - 99*i + 393. Determine z(46).
71
Let r(n) = -154*n - 3115. What is r(-20)?
-35
Let f(r) = 10*r**2 + 100*r + 19. Determine f(-8).
-141
Let i(o) = -119*o - 7522. Give i(-63).
-25
Let l(x) = 571*x - 2859. What is l(5)?
-4
Let l(f) = -18*f**2 - 180*f - 1. Calculate l(-10).
-1
Let g(h) = 161*h - 184. Determine g(1).
-23
Let q(i) = 26*i + 8. Calculate q(-6).
-148
Let s(z) = z**3 - 18*z**2 + 77*z - 68. Calculate s(12).
-8
Let n(y) = 2134*y + 14948. Give n(-7).
10
Let v(h) = -2*h**3 + 16*h**2 + 2*h + 261. Determine v(9).
117
Let s(j) = 103*j + 654. Determine s(-7).
-67
Let i(s) = -4*s**3 + s**2 + 60*s + 184. Calculate i(-6).
724
Let q(w) = w**3 - 29*w**2 + 54*w + 53. Determine q(27).
53
Let z(p) = p**3 + 28*p**2 - 113*p + 3. Determine z(-31).
623
Let l(i) = 7*i**3 - 4*i**2 + 7*i + 9. Determine l(4).
421
Let g(c) = -3*c + 20. Give g(7).
-1
Let j(z) = z**2 - 154*z + 2070. Give j(15).
-15
Let j(u) = -u**3 + 18*u**2 + 4*u - 68. What is j(18)?
4
Let i(v) = -2*v**2 - 15906*v + 31812. Give i(2).
-8
Let h(g) = -g**3 - 27*g**2 - 41*g + 71. Calculate h(-25).
-154
Let g(u) = u**3 - 106*u**2 + 212*u - 411. Determine g(104).
5
Let f(h) = -62*h + 470. What is f(6)?
98
Let f(y) = y**3 - 87*y**2 - 166*y - 1015. Calculate f(89).
53
Let b(h) = -h**3 + 202*h**2 - 377*h - 4590. Give b(200).
10
Let a(l) = -2*l**3 - 14*l**2 + 3*l + 24. Give a(-7).
3
Let z(j) = j**3 - 8*j**2 - 24*j - 16. Determine z(12).
272
Let w(t) = t**2 - 52*t + 312. Calculate w(45).
-3
Let q(k) = 2*k**2 + 11*k - 21. What is q(-9)?
42
Let n(w) = 3*w**2 - 24*w + 36. Determine n(8).
36
Let d(s) = s**3 - 113*s - 208. Give d(-9).
80
Let u(y) = -3*y**3 + 95*y**2 - 64*y - 32. What is u(31)?
-94
Let r(k) = -3*k**3 + k**2 + 197*k + 373. What is r(-2)?
7
Let l(k) = k**2 + 26*k + 149. What is l(-17)?
-4
Let n(x) = 10*x**2 + 638*x - 1456. Determine n(-66).
-4
Let g(o) = o**2 + o. Give g(-5).
20
Let n(y) = -y**3 + 10*y**2 + 53*y + 236. What is n(14)?
194
Let q(t) = 3*t**2 - 104*t + 256. What is q(32)?
0
Let x(c) = 77*c + 2914. Determine x(-38).
-12
Let r(g) = -g**2 + 298*g + 7730. Give r(-24).
2
Let p(v) = v**2 + 190*v + 2309. Calculate p(-177).
8
Let f(g) = 49*g + 585. Calculate f(-12).
-3
Let a(p) = -4*p**3 + 12*p**2 - 30*p - 3. Give a(4).
-187
Let j(f) = -37*f - 121. What is j(-4)?
27
Let g(a) = -3*a**3 + 51*a**2 + 60*a - 126. What is g(18)?
-18
Let l(v) = v**2 + 20*v - 1109. Determine l(-45).
16
Let g(f) = 37*f + 669. Give g(-10).
299
Let a(v) = v**3 + 24*v**2 - 102*v + 275. Give a(-28).
-5
Let n(g) = -2*g**3 + 3*g**2 - 40*g + 101. Determine n(3).
-46
Let x(z) = -z**3 - 12*z**2 - 6*z - 38. What is x(-12)?
34
Let a(j) = -j**3 + 5*j**2 + j - 8. Give a(5).
-3
Let p(x) = -15*x**2 - 38*x + 37. Calculate p(4).
-355
Let q(k) = -750*k + 4531. What is q(6)?
31
Let z(h) = -h**2 - 36*h + 163. Determine z(-40).
3
Let w(c) = -20*c**3 - 123*c**2 - 7*c + 20. Calculate w(-6).
-46
Let x(n) = -10*n + 83. Calculate x(10).
-17
Let b(m) = 171*m - 161. Calculate b(1).
10
Let l(f) = -10*f**2 - 37*f - 40. Calculate l(-2).
-6
Let x(i) = -7*i**2 + i + 46. Determine x(-5).
-134
Let f(q) = -269*q + 3495. What is f(13)?
-2
Let j(y) = 6*y**3 - 2*y**2 + 21*y + 21. Give j(0).
21
Let x(i) = 146*i**2 + 12*i + 9. Determine x(2).
617
Let w(y) = -5*y + 75. Calculate w(24).
-45
Let c(z) = z**3 - 14*z**2 + 14*z - 13. Calculate c(7).
-258
Let t(u) = -3*u**3 + 453*u**2 - 1. Give t(151).
-1
Let g(p) = -43*p - 513. Give g(-12).
3
Let u(r) = -12*r**2 + 21*r + 107. Calculate u(4).
-1
Let y(d) = d**3 - 3*d**2 - 544*d + 1093. Calculate y(2).
1
Let m(f) = f**3 + 51*f**2 - 49*f - 163. What is m(-52)?
-319
Let a(g) = -4318*g - 21549. Determine a(-5).
41
Let c(d) = 49*d - 37. What is c(2)?
61
Let y(j) = -4*j**3 + 22*j**2 + 12*j - 15. What is y(7)?
-225
Let u(t) = 22*t**2 - 903*t + 51. What is u(41)?
10
Let l(k) = k**3 - 7*k**2 + 4*k - 207. Give l(9).
-9
Let y(g) = 59*g + 510. Deter